+ 368*n - 23. What are the prime factors of p(7)?
2, 17, 359
Suppose 8*t - 7*t = r + 91, -5*t + 2*r = -461. Let v = 124 - t. What are the prime factors of v?
31
Let i(f) = f + 58. Suppose -12*z - 10 + 70 = 0. List the prime factors of i(z).
3, 7
Let t(d) = 27*d + 1. Let x be t(7). Let s(q) = -q**3 - 33*q**2 - 10*q + 48. Let w be s(-33). Let k = w - x. What are the prime factors of k?
2, 47
Suppose 24641 + 2743 = 12*c. List the prime factors of c.
2, 7, 163
Let c(z) = -z + 22. Let l be c(6). Suppose -2765 = 9*t - l*t. Suppose -t = -11*m + 6*m. List the prime factors of m.
79
Suppose 3*k - 55 = -4*t, 5*t = -3*k - 2*k + 90. Let z(j) = j**3 - 15*j**2 - 15*j + 41. What are the prime factors of z(k)?
2, 7, 13
Suppose p + 4*i - 68 = 0, -i - 361 = p - 6*p. Let a = p + -75. What are the prime factors of a/7 + (-262)/(-7)?
37
Let k(n) = 13*n**2 + 38*n - 780. What are the prime factors of k(-46)?
2, 5, 1249
Let k = -395 + 1877. Suppose -2*j + k = 4*g, -3*g = j - 990 - 120. List the prime factors of g.
3, 41
Let q = 53 - 49. Let i be ((-6)/q)/(2*(-1)/(-4)). What are the prime factors of 254/12 + 4/72*i?
3, 7
Suppose 84107 = c - 5*p, -5*c = -5*p - 625643 + 205288. What are the prime factors of c?
2, 11, 3821
Let f(a) = 34*a - 44. Let u be f(4). Let x = -65 + u. List the prime factors of x.
3
Let v = 2732 - 4004. List the prime factors of -1 + 3 + v/(-12).
2, 3
Let y(i) = -4*i**3 + 23*i + 10. Let o be y(-4). Let g = o + 1453. What are the prime factors of g?
1627
Suppose 397*h - 402*h + 229980 = 0. What are the prime factors of h?
2, 3, 3833
List the prime factors of 2 + (-77)/(-98)*-2 - 31448/(-7).
4493
Suppose -3*l - 6*m + 7117 = -51281, 58378 = 3*l - 4*m. List the prime factors of l.
2, 37, 263
Let l be 22816/13 - 34/442. List the prime factors of l*(56/(-7))/(-24).
3, 5, 13
Let r = 212 + -221. What are the prime factors of 931/1 + (3 - -2) + r?
3, 103
Let q be 401/2 + (-3)/(-6). Suppose 7*f = 8*f - q. Suppose -50 = -v - i, v + 3*v + 5*i = f. What are the prime factors of v?
7
Suppose 2*v = -0*h - 2*h + 4, 5*h = v - 14. Suppose 117 = v*f - 55. Suppose -f = -7*a + 195. List the prime factors of a.
2, 17
List the prime factors of (4 + 0)/(-11*(-6)/82137).
2, 19, 131
Let y be (-8 + 4)/(2*1/(-248)). Suppose -2*f = -6*f + y. Suppose 3*b - f = 215. What are the prime factors of b?
113
Suppose 2*a - 4*j - 20 = 0, 4*a - 3*j + j - 16 = 0. Suppose 0 = -4*p + a*m + 2152, -p - 5*m = p - 1076. What are the prime factors of p?
2, 269
Let a = 17840 + -11934. What are the prime factors of a?
2, 2953
List the prime factors of (2/(-8)*391)/(0 + 7/(-28)).
17, 23
Let x = -713 + 1198. Suppose 4*z + 2545 = 5*q, 0 = q - 2*q - 4*z + x. List the prime factors of q.
5, 101
Let t(n) = 2*n**2 - 27*n + 4508. List the prime factors of t(0).
2, 7, 23
Let b = 4040 - -22658. What are the prime factors of b?
2, 7, 1907
Let c = -17 + 20. Suppose 0 = 4*n - 2*y - 18, n - c*y - 5 = 6*n. What are the prime factors of 3 - (4 - (n - -53))?
2, 3
Let a be (-1)/4 + (-155)/20. Let r be (1/(-4) + a/96)*-6. Suppose -4 = r*y + 2, -3*m - 5*y + 30 = 0. List the prime factors of m.
3, 5
Suppose 4*f + 7 = 35. Suppose 7*s - 2*s - 5*o = -60, -4*s + o = 36. List the prime factors of (5 + f)*s/(-6).
2
Suppose z + o - 2 = 0, 0*z - z + o + 2 = 0. Suppose -5*j + 2*g + 14 = -0*g, z*j = -2*g. List the prime factors of (12*5/j)/1.
2, 3, 5
Let g = 110 + -107. What are the prime factors of ((-11 - -10)*g)/((-3)/233)?
233
Let r(g) = g**2 + g + 4. Let a be r(-6). Let m = 16 + a. Suppose p = -14 + m. List the prime factors of p.
2, 3
Let i be (2/(-4))/(3/(-6)) + -4. Let u(q) = 15*q**2 - 14*q - 3. What are the prime factors of u(i)?
2, 3, 29
What are the prime factors of -1 + 3340 - (137 + -138) - (1 + -6)?
3, 5, 223
Suppose 4*l = 4 + 4. Let y be (l - 0)*(-2)/(4/(-103)). What are the prime factors of (1*y)/(-10 + 11)?
103
Suppose -912 = -2*p + 4*m, -2*p - 2*p + m = -1831. Let o = 711 - p. What are the prime factors of o?
11, 23
Let l = 4063 + -1592. List the prime factors of l.
7, 353
Let a = 178 + 521. Let m = -180 + a. List the prime factors of m.
3, 173
What are the prime factors of (-81728)/40*(-50)/20?
2, 1277
Let r be (-378)/49*14/3. Let m = -25 - r. Suppose -k = -60 - m. What are the prime factors of k?
71
Suppose 222*f + 66899 = 226*f - 3*l, -l = 5*f - 83638. What are the prime factors of f?
43, 389
What are the prime factors of (2/(-5))/((-16)/384920)?
9623
Let r(j) = -467*j**3 - j**2 + 5*j. Let c be r(-3). List the prime factors of (-5)/15*c/(-5).
839
Let n(s) = -s**3 + 14*s**2 + 16*s + 19. Let k be n(9). Suppose 22*a - 17*a = 2*o - k, 0 = 3*a - 12. List the prime factors of o.
2, 3, 7
Suppose 46 = 4*c - c - i, -3*i = -2*c + 26. Let d = c + -2. Suppose d*l - 91 = 7*l. What are the prime factors of l?
13
Let h(p) = p**2 - p + 3. Let o be h(2). Suppose -o*i + 0 = -3*d - 6, 8 = -4*d. Suppose i = -v - 5*y + 183, 5*v - 4*y - 659 = 227. List the prime factors of v.
2, 89
Let j = -7649 + 8606. List the prime factors of j.
3, 11, 29
Suppose 4*q + q + 2*o = -16537, -q + o = 3306. Let w = q - -5138. Suppose 587 - w = -5*k + i, -i = -1. List the prime factors of k.
3, 83
Let w be ((-18)/(-24))/(3/(-2))*1388. Let v = -388 - w. List the prime factors of (-2)/(-4) + v/4.
7, 11
Suppose 5*x + 468 = 5*y - 107, -4*x - 5*y = 487. Let b = 690 + x. What are the prime factors of b?
2, 11, 13
Let b(l) = l**3 + 17*l**2 - 24*l + 44. Let n be b(-18). Suppose -t - p + n = 0, 3*p + 628 + 108 = 5*t. What are the prime factors of t?
149
Let y = -46 - -47. Let j(c) = 7*c**2 - c + 5. Let p(n) = 1. Let x(f) = y*j(f) - 6*p(f). What are the prime factors of x(-2)?
29
Let f be 1840/(-6)*8/((-96)/54). Suppose 2*h = -3*h + f. Suppose -h = -8*c + 444. List the prime factors of c.
2, 3, 5
Suppose 0 = -m - 1705 + 1640. Let u = m + 718. What are the prime factors of u?
653
Let n = -5446 + 8027. List the prime factors of n.
29, 89
Let a(k) = -8*k + 23. Let h be a(20). Let l(j) = -40*j - 2. Let y be l(7). Let o = h - y. What are the prime factors of o?
5, 29
List the prime factors of 2441 - (-11 - (-11 - 8)).
3, 811
Suppose -4*u + 2*y = -814, -3*y + 8*y = -4*u + 793. Suppose -203 = -2*f + 5*z, -2*f - 3 = -z - u. List the prime factors of f.
3, 11
Let c(h) = h**2 - 17*h. Let b be c(20). Suppose -2*p = -4*n + b, 2*n - 4*p - 18 = -9*p. What are the prime factors of (-1952)/(-28) - (-4)/n?
2, 5, 7
Let m(x) = -x**3 - 37*x**2 - 2*x - 112. Let g be m(-36). Let s = g - -2345. What are the prime factors of s?
1009
Let l = -456 - -467. Suppose l*m + s - 4813 = 8*m, 0 = 3*m - 3*s - 4821. List the prime factors of m.
3, 5, 107
Suppose 3304 = -29*k + 45441. Suppose -3*r - 3*d + 858 = d, -5*r + d = -k. What are the prime factors of r?
2, 5, 29
Let r = -82 - -85. Suppose -j - 4*s + 135 = -88, r*j = -5*s + 683. Let w = -142 + j. What are the prime factors of w?
89
Let l(c) = 3*c**2 - 2*c - 40. Suppose d - 14 = -3. What are the prime factors of l(d)?
7, 43
Let d be 14/8 + 109/436. List the prime factors of 569*(1 + d)*(1 + 0).
3, 569
List the prime factors of (2570/15)/((-21)/3 + (-1283)/(-183)).
61, 257
Suppose -136*t + 5934011 + 4686577 = 47*t. List the prime factors of t.
2, 11, 1319
Suppose 4*u + 5*c + 88 = 5*u, -2*u + c + 203 = 0. Let b(k) = k**3 + 4*k**2 + 10. Let s be b(-5). Let r = u - s. What are the prime factors of r?
2, 59
Let s(t) = 4*t + 29. Let q be s(-5). Let y(i) = i**3 - 6*i**2 - 12*i + 8. What are the prime factors of y(q)?
11, 13
Let l(o) = 2*o - 41. Let k be l(24). Suppose -36 = k*j - j. What are the prime factors of 1/j - 4475/(-30)?
149
Suppose -4224*b - 75402 = -4242*b. List the prime factors of b.
59, 71
Suppose -75*p + 159811 = 14588 - 319027. What are the prime factors of p?
2, 5, 619
List the prime factors of 37546 - ((-1)/(-5) + 288/(-40)).
17, 47
Let p(b) = b**2 + 8*b - 91. Let j be p(13). Let g = j - -14. List the prime factors of g.
2, 7
Let b be (1 - 2)/(4/1328*-4). Let t = b + -81. Suppose 0 = -4*s + 8, -4*r - 5*s = -t*r - 292. What are the prime factors of r?
3, 47
Let m be ((-35)/(-3))/(9/(-1242)). Let u = -1101 - m. List the prime factors of u.
509
Let h = 10111 + 4621. List the prime factors of h.
2, 29, 127
What are the prime factors of (-472350)/(-15) + (70/21 - (-8)/(-6))?
2, 7873
Let j be 2382/(-42) - 4/14. Let d be -6*(-774